What is the units digit of 3254?
4
What is the tens digit of 3698?
9
What is the ten thousands digit of 52486?
5
What is the tens digit of 9147?
4
What is the units digit of 100111?
1
What is the units digit of 91332?
2
What is the units digit of 587?
7
What is the tens digit of 68854?
5
What is the thousands digit of 6589?
6
What is the units digit of 121289?
9
What is the thousands digit of 5509?
5
What is the hundreds digit of 23046?
0
What is the units digit of 77?
7
What is the thousands digit of 24257?
4
What is the thousands digit of 21162?
1
What is the hundreds digit of 2085?
0
What is the hundreds digit of 18182?
1
What is the thousands digit of 115786?
5
What is the thousands digit of 1211?
1
What is the units digit of 30447?
7
What is the units digit of 7408?
8
What is the units digit of 142?
2
What is the thousands digit of 141806?
1
What is the hundreds digit of 2352?
3
What is the ten thousands digit of 15190?
1
What is the units digit of 966?
6
What is the units digit of 82447?
7
What is the hundreds digit of 6447?
4
What is the tens digit of 8869?
6
What is the hundreds digit of 241?
2
What is the units digit of 84936?
6
What is the thousands digit of 2343?
2
What is the tens digit of 29004?
0
What is the units digit of 2667?
7
What is the units digit of 3446?
6
What is the units digit of 23?
3
What is the hundred thousands digit of 102452?
1
What is the thousands digit of 7535?
7
What is the hundreds digit of 4644?
6
What is the units digit of 19086?
6
What is the ten thousands digit of 70958?
7
What is the thousands digit of 111498?
1
What is the hundreds digit of 7735?
7
What is the hundreds digit of 80430?
4
What is the units digit of 8446?
6
What is the hundreds digit of 9473?
4
What is the units digit of 36142?
2
What is the tens digit of 4660?
6
What is the units digit of 6711?
1
What is the units digit of 3198?
8
What is the tens digit of 2469?
6
What is the units digit of 2258?
8
What is the units digit of 141373?
3
What is the tens digit of 106?
0
What is the hundreds digit of 9240?
2
What is the tens digit of 22059?
5
What is the tens digit of 3910?
1
What is the units digit of 182?
2
What is the units digit of 2365?
5
What is the hundreds digit of 66716?
7
What is the hundreds digit of 1160?
1
What is the tens digit of 220?
2
What is the thousands digit of 1453?
1
What is the units digit of 1?
1
What is the tens digit of 3851?
5
What is the units digit of 708?
8
What is the hundreds digit of 119663?
6
What is the hundreds digit of 18763?
7
What is the tens digit of 552?
5
What is the hundreds digit of 6077?
0
What is the hundreds digit of 8996?
9
What is the thousands digit of 6743?
6
What is the tens digit of 13139?
3
What is the hundreds digit of 2765?
7
What is the hundreds digit of 40416?
4
What is the tens digit of 9375?
7
What is the hundreds digit of 2754?
7
What is the hundreds digit of 839?
8
What is the hundreds digit of 13577?
5
What is the units digit of 3349?
9
What is the units digit of 5311?
1
What is the units digit of 1460?
0
What is the thousands digit of 1989?
1
What is the hundreds digit of 991?
9
What is the tens digit of 7473?
7
What is the units digit of 493?
3
What is the thousands digit of 18159?
8
What is the ten thousands digit of 51915?
5
What is the tens digit of 2013?
1
What is the tens digit of 576?
7
What is the tens digit of 59896?
9
What is the hundreds digit of 2310?
3
What is the hundreds digit of 413?
4
What is the hundreds digit of 2720?
7
What is the hundreds digit of 11103?
1
What is the units digit of 351?
1
What is the thousands digit of 49447?
9
What is the units digit of 22?
2
What is the thousands digit of 8777?
8
What is the units digit of 2297?
7
What is the tens digit of 8911?
1
What is the tens digit of 35308?
0
What is the tens digit of 1317?
1
What is the tens digit of 699?
9
What is the tens digit of 2121?
2
What is the units digit of 95?
5
What is the ten thousands digit of 12334?
1
What is the hundreds digit of 4652?
6
What is the units digit of 238?
8
What is the units digit of 562?
2
What is the thousands digit of 142876?
2
What is the thousands digit of 58894?
8
What is the units digit of 123?
3
What is the hundreds digit of 1935?
9
What is the tens digit of 3546?
4
What is the units digit of 2904?
4
What is the ten thousands digit of 112710?
1
What is the tens digit of 94?
9
What is the hundreds digit of 1156?
1
What is the units digit of 15772?
2
What is the tens digit of 13633?
3
What is the hundreds digit of 3042?
0
What is the tens digit of 448?
4
What is the units digit of 1088?
8
What is the tens digit of 48110?
1
What is the hundreds digit of 107728?
7
What is the units digit of 37935?
5
What is the tens digit of 7252?
5
What is the ten thousands digit of 25371?
2
What is the hundreds digit of 1730?
7
What is the hundreds digit of 645?
6
What is the thousands digit of 54819?
4
What is the ten thousands digit of 10840?
1
What is the units digit of 2989?
9
What is the hundreds digit of 8130?
1
What is the thousands digit of 5272?
5
What is the tens digit of 47110?
1
What is the tens digit of 6026?
2
What is the thousands digit of 176065?
6
What is the units digit of 8021?
1
What is the tens digit of 1108?
0
What is the tens digit of 39644?
4
What is the hundreds digit of 339?
3
What is the units digit of 22669?
9
What is the hundreds digit of 944?
9
What is the thousands digit of 1006?
1
What is the units digit of 1192?
2
What is the units digit of 512?
2
What is the ten thousands digit of 67501?
6
What is the ten thousands digit of 11276?
1
What is the hundreds digit of 11499?
4
What is the thousands digit of 2238?
2
What is the units digit of 582?
2
What is the tens digit of 110669?
6
What is the ten thousands digit of 74612?
7
What is the hundreds digit of 128?
1
What is the thousands digit of 4803?
4
What is the tens digit of 68690?
9
What is the units digit of 977?
7
What is the hundreds digit of 182963?
9
What is the thousands digit of 22584?
2
What is the units digit of 1052?
2
What is the hundreds digit of 3484?
4
What is the units digit of 6416?
6
What is the tens digit of 8754?
5
What is the hundreds digit of 1000?
0
What is the tens digit of 105518?
1
What is the units digit of 1652?
2
What is the thousands digit of 1518?
1
What is the hundreds digit of 41727?
7
What is the hundreds digit of 669?
6
What is the thousands digit of 15848?
5
What is the hundreds digit of 2129?
1
What is the thousands digit of 49782?
9
What is the units digit of 2116?
6
What is the hundreds digit of 4270?
2
What is the units digit of 12172?
2
What is the units digit of 20484?
4
What is the thousands digit of 3504?
3
What is the thousands digit of 1088?
1
What is the hundreds digit of 71417?
4
What is the units digit of 383?
3
What is the tens digit of 6206?
0
What is the thousands digit of 1026?
1
What is the thousands digit of 1017?
1
What is the hundreds digit of 238?
2
What is the tens digit of 44641?
4
What is the units digit of 1703?
3
What is the units digit of 3866?
6
What is the tens digit of 2498?
9
What is the thousands digit of 7775?
7
What is the hundreds digit of 482?
4
What is the units digit of 71539?
9
What is the thousands digit of 9155?
9
What is the thousands digit of 1423?
1
What is the ten thousands digit of 11752?
1
What is the hundreds digit of 315?
3
What is the thousands digit of 24565?
4
What is the units digit of 392?
2
What is the units digit of 518?
8
What is the thousands digit of 2372?
2
What is the units digit of 73895?
5
What is the hundreds digit of 4721?
7
What is the thousands digit of 2272?
2
What is the hundreds digit of 660?
6
What is the tens digit of 535?
3
What is the hundreds digit of 9039?
0
What is the units digit of 369?
9
What is the hundreds digit of 1876?
8
What is the hundreds digit of 2625?
6
What is the tens digit of 3693?
9
What is the tens digit of 167490?
9
What is the hundred thousands digit of 175899?
1
What is the units digit of 5468?
8
What is the units digit of 20107?
7
What is the hundreds digit of 22656?
6
What is the thousands digit of 5199?
5
What is the hundreds digit of 14544?
5
What is the thousands digit of 7023?
7
What is the tens digit of 3308?
0
What is the tens digit of 4321?
2
What is th